 + 11 = -t. Let m = 89 + t. What are the prime factors of m?
2, 23
Let y(s) = -s**2 - 1 - 16*s + 0 + 8 + 3. Let n(b) = 3*b + 3. Let h be n(-4). List the prime factors of y(h).
73
Suppose 0 = 4*r - 20, 3*r - 87 = -k - 2*k. Suppose 22*w = k*w - 242. What are the prime factors of w?
11
Let k(n) be the first derivative of n**2 + 27*n + 4. Let c be k(0). Suppose 4*f = 2*g - 9 + c, f = 5*g. List the prime factors of f.
5
Let t(a) be the third derivative of 1/60*a**5 + 0 - 5*a**2 + 1/12*a**4 - 3/2*a**3 + 0*a. List the prime factors of t(-8).
3, 13
Let w = 13 + -19. Let j = w + 8. Suppose 7*r - 4*r - 60 = -j*g, 0 = 3*g + r - 90. List the prime factors of g.
2, 3, 5
Suppose 223 = 3*k + 4*g - 759, 4*g = -8. List the prime factors of k.
2, 3, 5, 11
Suppose 2*s + 2*o = -3*s + 15, -4*o = 0. Suppose -4*b + 192 = 5*t + 558, 0 = -s*t + b - 206. Let k = 136 + t. What are the prime factors of k?
2, 3, 11
Suppose 0 = w + 5*w + 114. Let z = w - -25. Suppose 3*m = 3*u + 165, -5*u = -z*m + 3*m + 167. List the prime factors of m.
2, 3
Suppose -30 = -y + 3*d, d - 64 = -4*y - d. Suppose -2 + y = 2*b. Suppose 0 = -6*n + 2*n + b. What are the prime factors of n?
2
Let a = 4134 + -2509. What are the prime factors of a?
5, 13
Let m = -49 + -131. Let z = 256 + m. List the prime factors of z.
2, 19
List the prime factors of 3 + 7/(21/123).
2, 11
Suppose -5*z - g + 1723 = -256, 5*z = -4*g + 1976. List the prime factors of z.
2, 3, 11
Suppose 4*k - 11 = -5*u - 2, -45 = -5*u + 5*k. Suppose 10 = 7*v - u*v. Suppose 0 = -4*c + 4*o + 96, 4*c - v*c = -5*o - 28. List the prime factors of c.
23
Let b be -2 - (-3 - 1 - 2). Let i(d) = 5*d - 4 - 4 + 2. List the prime factors of i(b).
2, 7
Let g = 367 - 11. Suppose 4*p - 2*u = 263 + 93, -2*u = 4*p - g. Suppose -p - 43 = -4*y. What are the prime factors of y?
3, 11
Suppose 5*r - 265 = -2*x, -x + 4*x - 5*r - 360 = 0. List the prime factors of x + (-1)/(-1) + (-6)/(-2).
3, 43
Let r = -1294 - -1818. List the prime factors of r.
2, 131
Suppose -y - 1 + 4 = -2*f, 5*y - 2*f = 15. Let n = 10 + -28. Let q = y - n. List the prime factors of q.
3, 7
What are the prime factors of ((-3)/2)/((-6)/2088*1)?
2, 3, 29
Let y be (-657)/4 + (-5)/(-20). Let l = y + 339. What are the prime factors of l?
5, 7
Suppose -46 = 4*o - 3*m + 53, 4*m - 42 = 2*o. Let y(n) = -4*n**3 + 2*n**2 - n. Let c be y(-2). Let k = o + c. List the prime factors of k.
3, 5
Let z be 3*15/9 + (-7 - -6). Suppose -4*f + 105 = n + f, -z*f + 20 = 0. List the prime factors of n.
2, 5
Let l be (68/(-5))/((-24)/60). Suppose -83 - l = 3*t. List the prime factors of (-7)/(t/18 + 2).
2, 3, 7
Let b(p) = p**3 + 23*p**2 + 17*p - 24. Let c be b(-13). Suppose 5*k + c = -0*z + 5*z, -k + 563 = 2*z. What are the prime factors of z?
2, 71
Suppose 27 = 4*v + 5*g, 3*v + 3*g + 5 - 23 = 0. Suppose -12 = -v*q, -3*c - 2*q = -4*c + 56. Suppose 4*d + 12 = c. List the prime factors of d.
13
What are the prime factors of (4/(-10))/((-4)/(4871 + 9))?
2, 61
Let v = -384 + -2730. What are the prime factors of (v/45)/((-4)/10)?
173
Suppose 375 - 24 = 3*h. What are the prime factors of h?
3, 13
Suppose 4*i = -i - 10. Let q be 0/(-3) + i + 51. Suppose 4*z - q = 95. List the prime factors of z.
2, 3
Let u be (-4)/14 - (2736/(-21) + 0). Suppose 6*o - 188 = u. List the prime factors of o.
53
What are the prime factors of (296 + 26/2)*5*1?
3, 5, 103
Suppose 2*z - 7912 = 4*y, 3*z + 3*y = -0*y + 11895. What are the prime factors of z?
2, 7, 283
Let y be (-6)/15 + 0 - 32/(-5). What are the prime factors of 2 + (y/18 - 242/(-3))?
83
Suppose 17793 - 171925 = -31*s. What are the prime factors of s?
2, 11, 113
Let a = -20 + 18. Let f(r) = -27*r. What are the prime factors of f(a)?
2, 3
Suppose -4*u - 3*n + 3176 = 0, 0 = -5*u - 4*n + 665 + 3305. Suppose 5*r + 259 = u. What are the prime factors of r?
107
Let z = -88 + 240. List the prime factors of z.
2, 19
Suppose -2*m - 42 = -5*a, a = 5*m - 6 + 19. Let j = 0 - a. What are the prime factors of 3/12 - 150/j?
19
Suppose -14 = 3*d + 5*i + 37, 0 = -2*d - 2*i - 30. What are the prime factors of (0 - 2)*(918/d + 4)?
5, 29
Let u = -356 - -851. What are the prime factors of u?
3, 5, 11
Let x = -8 + 8. Suppose -2*h = 11 - 9. List the prime factors of h + 18 - (x + -1).
2, 3
Suppose -q = -3*q + 4*a + 2108, 5*q + 3*a - 5309 = 0. What are the prime factors of q?
2, 5, 53
Let i(g) = -g**2 - 27*g + 28. What are the prime factors of i(-16)?
2, 3, 17
Let c be 22/(-99) - (-148)/18. Suppose 5*n = 25, 10*n = 3*h + 5*n - c. Suppose 6*l - h = 289. List the prime factors of l.
2, 5
Let r be 1/((-3)/24) - -1. Let g(o) = o**2 + 6*o - 4. Let y be g(r). Suppose -y*x + 7*x - 100 = 0. What are the prime factors of x?
5
Let b(x) = 12*x + 3. Let z be b(6). Let k = 20 + z. What are the prime factors of k?
5, 19
Let l(a) = -34*a**3 + a**2 + 3*a + 2. Let k be l(-1). Let m = -13 + k. List the prime factors of m.
3, 7
Suppose d + 62 = 4*i, 4*i + d - 68 = 5*d. Suppose -4*y + 45 = -i. Suppose -h = -5, 0*t - y = -t - h. What are the prime factors of t?
2, 5
List the prime factors of 53515/(-22)*(-28)/35.
2, 7, 139
Let a be 6/21 - 132/(-28). Suppose -472 = -4*p + 2*w, a*p - 468 = p + 4*w. List the prime factors of p.
7, 17
Suppose 2*b = 90 + 114. Suppose 11*r = 14*r - b. What are the prime factors of r?
2, 17
Let y = 237 + 295. Suppose -5*w + j = 152 - y, 0 = w + 3*j - 76. Suppose -s = s - w. List the prime factors of s.
2, 19
Let q(x) = x**2 + 2. Suppose -2*g = -3*g. Let m be q(g). Suppose -m*i - i - 4*p = -74, -31 = -i + 5*p. List the prime factors of i.
2, 13
What are the prime factors of 1 + -4 - -6 - -183?
2, 3, 31
Let p = -32 - -32. Suppose 5*z + v - 277 = p, 2*z + 0*v + 2*v = 106. List the prime factors of z.
2, 7
Let l = 133 - 135. List the prime factors of (277/2)/((-1)/4*l).
277
Let u(m) = -m**3 + m**2 + 2*m - 4. Let y be ((-44)/5)/((-22)/55). Let c = y - 25. List the prime factors of u(c).
2, 13
Suppose 2*y + i = -82, 2*i = -i + 6. Let l = y + 65. List the prime factors of l.
23
Let v be ((-12)/(-10))/(3 + (-54)/20). Suppose 0 = -v*i + i - 2*f + 67, 0 = 5*i - 2*f - 133. List the prime factors of i.
5
Let g(x) = x**3 - 29*x**2 + 93*x - 73. What are the prime factors of g(28)?
1747
Suppose -12 + 10 = -2*a, -74 = -d + 4*a. What are the prime factors of d?
2, 3, 13
Let z be ((0/((-12)/3))/(-2))/1. Suppose -5*p - 4*b + 359 = z, 4*p + 3*b - 304 = -16. List the prime factors of p.
3, 5
Let n = -2735 + 4225. What are the prime factors of n?
2, 5, 149
Let a(s) = 3*s - 7. Let n(l) = -l**2 + 6*l + 3. Let t(o) = -2*o**2 + 17*o + 9. Let z(w) = -8*n(w) + 3*t(w). Let v be z(-2). List the prime factors of a(v).
2
Let q = -380 - -554. List the prime factors of q.
2, 3, 29
Suppose 4*z - 7 = -m, 2*z + z = 3*m + 9. Let y be 11*(-1 - -2)/m. Let t = y - -18. What are the prime factors of t?
7
Suppose 8*c = -c + 1143. Let i = 208 - c. List the prime factors of i.
3
Let f(t) = 125*t**2 - 10*t - 46. What are the prime factors of f(-3)?
1109
Suppose 20 = 5*o - 4*p, 8 = 5*o - 3*o - 3*p. What are the prime factors of -4 + o/(8/102)?
47
Suppose 412 = -4*w + 5*w. Let l = -251 + w. What are the prime factors of l?
7, 23
Let d(x) = -19 + 2*x + 15 + x**2 + 0*x**2 - 4*x. Suppose -4 - 2 = u. List the prime factors of d(u).
2, 11
Suppose 0 = -3*w - 2*w. Suppose w = 2*r + 3*s - 9, -4*r = 2*s - 0*s - 22. Suppose r = -2*g + 4*g. What are the prime factors of g?
3
Suppose b - 3*w + 7 = 0, 10 - 2 = -b + 4*w. Let a(h) = h**3 + h**2 - h + 1. Let o be a(b). Let x = -27 - o. List the prime factors of x.
2
Let p be 6*(3 + (-20)/8). Suppose -3*w - 2*o + 251 = 0, 3*o = w + p*w - 346. List the prime factors of w.
5, 17
Let l be (-17)/(-4) - (-21)/(-84). Suppose 5*h - 3*h + l*y = -90, -y = -5. Let v = h + 120. List the prime factors of v.
5, 13
Let f = -14 + 27. What are the prime factors of (f/3)/(24/360)?
5, 13
What are the prime factors of 150/(-5)*9*(-4)/6?
2, 3, 5
Let h(d) = 2*d - 8. Let n = 5 + 1. Let j be h(n). Suppose 0 = -2*i - a + 37, 17 = i + j*a - 5*a. List the prime factors of i.
2, 3
Let f = -9 - -13. Let g be 47/f + 18/(-24). Suppose -z + u = -g, -5*z + 0*z + 3*u = -45. List the prime factors of z.
2, 3
Let y = -448 + 548. What are the prime factors of y?
2, 5
Let q(l) = -l - 8. Let p be q(-11). Suppose -p*i = 2*i + 80. Let x = 10 - i. W